{"id":85,"date":"2009-10-05T10:07:37","date_gmt":"2009-10-05T07:07:37","guid":{"rendered":"http:\/\/www.alexandrahaggman.com\/?page_id=85"},"modified":"2025-12-01T13:27:10","modified_gmt":"2025-12-01T10:27:10","slug":"teaterfilm-resume","status":"publish","type":"page","link":"https:\/\/www.alexandrahaggman.com\/?page_id=85","title":{"rendered":"Curriculum Vitae"},"content":{"rendered":"<p><span style=\"font-family: Helvetica, sans-serif;\">Alexandra Enroth<a href=\"http:\/\/www.alexandrahaggman.com\/wp-content\/uploads\/2013\/11\/2alexandra2016_medium.jpeg\"><img loading=\"lazy\" decoding=\"async\" class=\"alignright wp-image-595 size-medium\" src=\"http:\/\/www.alexandrahaggman.com\/wp-content\/uploads\/2013\/11\/2alexandra2016_medium-200x300.jpg\" alt=\"\" width=\"200\" height=\"300\" srcset=\"https:\/\/www.alexandrahaggman.com\/wp-content\/uploads\/2013\/11\/2alexandra2016_medium-200x300.jpg 200w, https:\/\/www.alexandrahaggman.com\/wp-content\/uploads\/2013\/11\/2alexandra2016_medium-683x1024.jpg 683w, https:\/\/www.alexandrahaggman.com\/wp-content\/uploads\/2013\/11\/2alexandra2016_medium.jpeg 1667w\" sizes=\"auto, (max-width: 200px) 100vw, 200px\" \/><\/a><\/span><\/p>\n<p><span style=\"font-family: Helvetica, sans-serif; font-size: 1rem;\">F\u00f6delse\u00e5r: 1986<\/span><\/p>\n<p><span style=\"font-family: Helvetica, sans-serif;\">L\u00e4ngd: 171 cm<\/span><\/p>\n<p><span style=\"font-family: Helvetica, sans-serif;\">\u00d6gonf\u00e4rg: Bl\u00e5<\/span><\/p>\n<p><span style=\"font-family: Helvetica, sans-serif;\">H\u00e5rf\u00e4rg: naturligt m\u00f6rkblond\/r\u00f6d-orange<\/span><\/p>\n<p>Kontakt:<\/p>\n<p><span lang=\"SV\" style=\"font-size: 12pt; mso-fareast-font-family: 'Times New Roman'; mso-bidi-font-family: 'Times New Roman'; mso-fareast-language: FI; mso-ansi-language: SV;\"><span style=\"font-family: Calibri;\"><a href=\"mailto:alexandra.haggman@gmail.com\">alexandra.haggman@gmail.com<\/a><\/span><\/span><\/p>\n<p><span lang=\"SV\" style=\"font-size: 12pt; mso-fareast-font-family: 'Times New Roman'; mso-bidi-font-family: 'Times New Roman'; mso-fareast-language: FI; mso-ansi-language: SV;\"><span style=\"font-family: Calibri;\">\u00a0<\/span><\/span><\/p>\n<p><span style=\"font-family: Helvetica, sans-serif;\">SPR\u00c5KKUNSKAPER<\/span><\/p>\n<p><span style=\"font-family: Helvetica, sans-serif;\">Svenska: modersm\u00e5l\u00a0 \u00a0 \u00a0 \u00a0 Finska: flytande\u00a0 \u00a0 \u00a0 \u00a0 \u00a0Engelska: flytande\u00a0 \u00a0 \u00a0 \u00a0\u00a0<\/span><\/p>\n<p>&nbsp;<\/p>\n<p><span style=\"font-family: Helvetica, sans-serif;\">UTBILDNING<\/span><\/p>\n<p><span style=\"font-family: Helvetica, sans-serif;\">2009 &#8211; 2010 Sk\u00e5despelare Teaterh\u00f6gskolan i Helsingfors, Konstuniversitetet, magisterexamen.<\/span><\/p>\n<p><span style=\"font-family: Helvetica, sans-serif;\">2005 &#8211; 2009 Scenkonstpedagog Yrkesh\u00f6gskolan Novia Scenkonst, kandidatexamen.<\/span><\/p>\n<p><span style=\"font-family: Helvetica, sans-serif;\">2014 Michael Chekhov Acting Studio New York, sk\u00e5despelarteknik, masterclass (3 m\u00e5nader)<\/span><\/p>\n<p>&nbsp;<\/p>\n<p><span style=\"font-family: Helvetica, sans-serif;\">MERITER &amp; FORTBILDNING<\/span><\/p>\n<p>2017 &#8211; fortl\u00f6pande: Stand up comedy\/st\u00e5uppkomik. Aktuell som komiker i Vasabaserade klubben Onsdagsklubben OK Comedy p\u00e5 Oliver\u00b4s Inn, Top Floor Comedy med Janne Gr\u00f6nroos i Helsingfors samt privata tillst\u00e4llningar och f\u00f6retagsbokningar.<\/p>\n<p>Har upptr\u00e4tt bland annat med Humorhuset, under Humorlandskampen p\u00e5 Svenska Teatern och gjort turn\u00e9er i Sverige (Ume\u00e5, Stockholm), samt upptr\u00e4danden p\u00e5 DooBop Club, Ritz och Oliver\u00b4s Inn i Vasa.<\/p>\n<p>Grundare av Kvarkenhumor &amp; Vasa Comedy Club, ett humorsamarbete med Ume\u00e5-komiker d\u00e4r vi arrangerat workshops och klubbar i stand up comedy i Vasa.<\/p>\n<p>2016 &#8211; fortl\u00f6pande: Estradpoesi\/Spoken Word.<br \/>\nGrundare av evenemanget Poesi&amp;Musik som turnerade i Vasa och \u00d6sterbotten. Vinnare i Poetry Slam-t\u00e4vlingar i Vasa och Ume\u00e5. Deltagit i festivalen Women Of The World i Tammerfors.<\/p>\n<p>2017-2018 1-\u00e5rigt arbetsstipendium f\u00f6r scenkonstn\u00e4rlig verksamhet, Svenska Kulturfonden.<\/p>\n<p>Fortbildning: Kurser i Stand Up Comedy, bland annat p\u00e5 Norra Brunn i Stockholm med Thomas Oredsson och med Fanny Stand Up i Ume\u00e5\/V\u00e4sterbotten.<\/p>\n<p>Kurser i dramatiskt\/sk\u00f6nlitter\u00e4rt skrivande inom Labbet r.f. samt \u00f6vriga skrivkurser.<\/p>\n<p>S\u00e5nglektioner med Charlotta Kerbs och Carla Fri.<\/p>\n<p>Styrelsemedlem i den fria teatergruppen Unga Scenkompaniet.<\/p>\n<p>\u00d6vrigt: dramapedagogik\/dramal\u00e4rare, programledare\/konferencier, media (radio\/webb), s\u00e5ng, improvisation, film, Stanislavskij sk\u00e5despelarteknik, Michael Chekhov sk\u00e5despelarteknik, Miller Voice r\u00f6stteknik, devising teatermetod, clown, teatermasker, teater i undervisningen.<\/p>\n<p>Har k\u00f6rkort (B). Har serveringspass\/alkoholpass.<\/p>\n<p>&nbsp;<\/p>\n<p><span style=\"font-family: Helvetica, sans-serif;\">TEATER<\/span><\/p>\n<p><span style=\"font-family: Helvetica, sans-serif;\">2017-2018 Konstn\u00e4rligt arbetsstipendium av Svenska Kulturfonden.<\/span><\/p>\n<p><span style=\"font-family: Helvetica, sans-serif;\">2017 Sk\u00e5despelare i Sv\u00e4lta R\u00e4v, Wasa Teater. Regi Joakim Groth.<\/span><\/p>\n<p><span style=\"font-family: Helvetica, sans-serif;\">2016-2017 Sk\u00e5despelare i Love, en pj\u00e4s om genus, identitet och j\u00e4mst\u00e4lldhet f\u00f6r 4-6-\u00e5ringar, med den fria teatergruppen Unga Scenkompaniet. Regi &amp; manus Alexandra Mangs. <\/span><\/p>\n<p><span style=\"font-family: Helvetica, sans-serif;\">2016 Sk\u00e5despelare &amp; producent, Vaginamonologerna av Eve Ensler, Vasa och Helsingfors.<\/span><\/p>\n<p><span style=\"font-family: Helvetica, sans-serif;\">2015 Regiss\u00f6r &amp; manusf\u00f6rfattare till kortpj\u00e4sen Noaks Ark 2.0, Radioteatern, Yle.<\/span><\/p>\n<p><span style=\"font-family: Helvetica, sans-serif;\">2014 Sk\u00e5despelare i pj\u00e4sen John Gabriel Borkman av Henrik Ibsen, Wasa Teater. Roll Fanny Wilton. Regi Peter L\u00fcttge.<\/span><\/p>\n<p><span style=\"font-family: Helvetica, sans-serif;\">2013-2014 Sk\u00e5despelare i pj\u00e4sen Kaos av Mika Myllyaho, Wasa Teater samt turn\u00e9pj\u00e4s. Roll Julia + 6 \u00f6vriga karakt\u00e4rer. Regi Ann-Luise Bertell.<\/span><\/p>\n<p><span style=\"font-family: Helvetica, sans-serif;\">2012-2013 Dramapedagog, publikarbete p\u00e5 Lilla Teatern (Helsingfors) i pj\u00e4serna &#8221;I taket lyser stj\u00e4rnorna&#8221; av Johanna Thydell i regi och dramatisering av Milja Sarkola, och i &#8221;Kungen&#8221; av Timo Harakka och Antti Karumo i regi av Milko Lehto.<\/span><\/p>\n<p><span style=\"font-family: Helvetica, sans-serif;\">2010 Sk\u00e5despelare i Allas krig mot alla and fuck you too Mr. Hobbes, en pj\u00e4s efter boken Leviathan av Thomas Hobbes. Roll Person &amp; Alexandra. Regi Frida R\u00f6hl. Teater Tribunalen, Sverige. (www.tribunalen.com).<\/span><\/p>\n<p><span style=\"font-family: Helvetica, sans-serif;\">2010 Sk\u00e5despelare i GUSEV, en pj\u00e4s inspirerad av Anton Tjechovs noveller. Roll Lisa. Regi Andrey Moguchy (Ryssland). Teaterh\u00f6gskolan i Helsingfors, Finland (TeaK), Det Nordiska Magisterprogrammet (NorMa).<\/span><\/p>\n<p><span style=\"font-family: Helvetica, sans-serif;\">2009 Sk\u00e5despelare i pj\u00e4sen Iphigenia av Finn Iunker. Roll Clytamnestra. Regi Peer \u00d8ian (Norge). (TeaK, NorMa). Spelspr\u00e5k: engelska.<\/span><\/p>\n<p><span style=\"font-family: Helvetica, sans-serif;\">2008 Sk\u00e5despelare &amp; f\u00f6rfattare, konstn\u00e4rligt examensarbete (Novia) pj\u00e4sen Finn Fem Fel?. Skriven, framf\u00f6rd och regisserad av Alexandra H\u00e4ggman &amp; Alexandra Mangs. Handledare Mats Holmqvist.<\/span><\/p>\n<p>&nbsp;<\/p>\n<p><span style=\"font-family: Helvetica, sans-serif;\">STAND UP COMEDY <\/span><\/p>\n<p>2025 &#8211; fortl\u00f6pande: Onsdagsklubben OK Comedy i Vasa och Top Floor Comedy i Helsingfors samt privata tillst\u00e4llningar.<\/p>\n<p>2021 Stand up comedy upptr\u00e4dande p\u00e5 Vasallen, Wasa Teater.<\/p>\n<p><span style=\"font-family: Helvetica, sans-serif;\">2018 &#8211; 2020 Kvarkenhumor &amp; Vasa Comedy Club, workshops och stand up-klubbar i Vasa.<\/span><\/p>\n<p><span style=\"font-family: Helvetica, sans-serif;\">2018 Humorlandskampen p\u00e5 Svenska Teatern i Helsingfors.<\/span><\/p>\n<p><span style=\"font-family: Helvetica, sans-serif;\">2018 Sommarfestival i Eken\u00e4s, arrang\u00f6r Humorhuset.<\/span><\/p>\n<p><span style=\"font-family: Helvetica, sans-serif;\">2018 Stand up-workshop &amp; klubb, Fanny Stand Up, i Vasa.<\/span><\/p>\n<p><span style=\"font-family: Helvetica, sans-serif;\">2018 Stockholm-turn\u00e9, 5 stand up-klubbar p\u00e5 5 dagar.<\/span><\/p>\n<p><span style=\"font-family: Helvetica, sans-serif;\">2018 Fanny Stand Up, kurs &amp; klubb, Ume\u00e5\/V\u00e4sterbotten.<\/span><\/p>\n<p><span style=\"font-family: Helvetica, sans-serif;\">2017 Stand up-kurs i Stockholm p\u00e5 Norra Brunn med komiker Thomas Oredsson.<\/span><\/p>\n<p><span style=\"font-family: Helvetica, sans-serif;\">2017 SKUM, debut p\u00e5 stand up-klubb i Ume\u00e5, Sverige.<\/span><\/p>\n<p>&nbsp;<\/p>\n<p><span style=\"font-family: Helvetica, sans-serif;\">FILM<\/span><\/p>\n<p><span style=\"font-family: Helvetica, sans-serif;\">2018 Manusf\u00f6rfattare till \u00c5rets Film &#8221;2028&#8221;, Film i \u00d6sterbotten, regi Petter Sandelin.<\/span><\/p>\n<p><span style=\"font-family: Helvetica, sans-serif;\">2007 Tre V\u00e4nner l\u00e5ngfilm, Mida Promotion, regiassistent (FAD), regi Anders Nordlund.<\/span><\/p>\n<p><span style=\"font-family: Helvetica, sans-serif;\">Sk\u00e5despelare i olika kortfilmer med filmstuderande fr\u00e5n Arcada i Helsingfors och Novia i \u00d6sterbotten.<\/span><\/p>\n<p><span style=\"font-family: Helvetica, sans-serif;\">2015 Filmkurs, Ilmaisuverstas &amp; N\u00e4yttelij\u00e4liitto, Suviranta. Regiss\u00f6r Richard Holm (SWE).<\/span><\/p>\n<p><span style=\"font-family: Helvetica, sans-serif;\">2014 Filmkurs, Ilmaisuverstas &amp; N\u00e4yttelij\u00e4liitto, Suviranta. Regiss\u00f6r Saara Cantell.<\/span><\/p>\n<p>&nbsp;<\/p>\n<p><span style=\"font-family: Helvetica, sans-serif;\">RADIO<\/span><\/p>\n<p><span style=\"font-family: Helvetica, sans-serif;\">2011 &#8211; 2016 Programledare\/kulturredakt\u00f6r\/journalist p\u00e5 Radio Vega Yle. Program: Kulturtimmen, Radiohuset, Vegatoppen m.fl.<\/span><\/p>\n<p><span style=\"font-family: Helvetica, sans-serif;\">2011 Programledare\/reporter p\u00e5 Radio X3M Yle.<\/span><\/p>\n<p>&nbsp;<\/p>\n<p><span style=\"font-family: Helvetica, sans-serif;\">REFERENSER<\/span><\/p>\n<p><span style=\"font-family: Helvetica, sans-serif;\">Ann-Luise Bertell, sk\u00e5despelare, regiss\u00f6r, f\u00f6rfattare, teaterchef<\/span><\/p>\n<p><span style=\"font-family: Helvetica, sans-serif;\">Joakim Groth, regiss\u00f6r, f\u00f6rfattare, dramatiker<\/span><\/p>\n<p><span style=\"font-family: Helvetica, sans-serif;\">Thomas Oredsson, komiker, stand-up-l\u00e4rare<\/span><\/p>\n<p><span style=\"font-family: Helvetica, sans-serif;\">Janne Gr\u00f6nroos, komiker, Tv&amp;Radio-profil, programledare<\/span><\/p>\n<p><span style=\"font-family: Helvetica, sans-serif;\">Tora Larsson, komiker, producent Fanny Stand Up och Humor \u00c4r Kul (SWE)<\/span><\/p>\n<p><span style=\"font-family: Helvetica, sans-serif;\">Annika \u00c5man, sk\u00e5despelare, regiss\u00f6r, f\u00f6rfattare och konstn\u00e4rlig ledare Unga Scenkompaniet <\/span><\/p>\n<p><span style=\"font-family: Helvetica, sans-serif;\">Alexandra Mangs, sk\u00e5despelare, regiss\u00f6r, manusf\u00f6rfattare och konstn\u00e4rlig ledare Unga Scenkompaniet<\/span><\/p>\n<p><span style=\"font-family: Helvetica, sans-serif;\">Anna B\u00e4ck, programledare nyheterna Yle <\/span><\/p>\n<p><span style=\"font-family: Helvetica, sans-serif;\">Staffan von Martens, f.d. producent Yle<\/span><\/p>\n<p>&nbsp;<\/p>\n<p><strong><span style=\"font-family: Helvetica, sans-serif;\">Kontaktuppgifter samt \u00f6vriga referenser finns att f\u00e5 vid f\u00f6rfr\u00e5gan.<\/span><\/strong><\/p>\n<p>&nbsp;<\/p>\n<p><img loading=\"lazy\" decoding=\"async\" class=\"aligncenter size-large wp-image-754\" title=\"Alexandra H\u00e4ggman, actress. Photo: Jonas Bergqvist (JBQ) 2016\" src=\"http:\/\/www.alexandrahaggman.com\/wp-content\/uploads\/2009\/10\/blick1-683x1023.jpg\" alt=\"Alexandra H\u00e4ggman, actress. Photo: Jonas Bergqvist (JBQ) 2016\" width=\"683\" height=\"1023\" srcset=\"https:\/\/www.alexandrahaggman.com\/wp-content\/uploads\/2009\/10\/blick1-683x1023.jpg 683w, https:\/\/www.alexandrahaggman.com\/wp-content\/uploads\/2009\/10\/blick1-200x300.jpg 200w\" sizes=\"auto, (max-width: 683px) 100vw, 683px\" \/><\/p>\n<p>&nbsp;<\/p>\n","protected":false},"excerpt":{"rendered":"<p>Alexandra Enroth F\u00f6delse\u00e5r: 1986 L\u00e4ngd: 171 cm \u00d6gonf\u00e4rg: Bl\u00e5 H\u00e5rf\u00e4rg: naturligt m\u00f6rkblond\/r\u00f6d-orange Kontakt: alexandra.haggman@gmail.com \u00a0 SPR\u00c5KKUNSKAPER Svenska: modersm\u00e5l\u00a0 \u00a0 \u00a0 \u00a0 Finska: flytande\u00a0 \u00a0 \u00a0 \u00a0 \u00a0Engelska: flytande\u00a0 \u00a0 \u00a0 \u00a0\u00a0 &nbsp; UTBILDNING 2009 &#8211; 2010 Sk\u00e5despelare Teaterh\u00f6gskolan i Helsingfors, Konstuniversitetet, magisterexamen. 2005 &#8211; 2009 Scenkonstpedagog Yrkesh\u00f6gskolan Novia Scenkonst, kandidatexamen. 2014 Michael Chekhov Acting Studio &hellip; <\/p>\n<p class=\"link-more\"><a href=\"https:\/\/www.alexandrahaggman.com\/?page_id=85\" class=\"more-link\">Forts\u00e4tt l\u00e4sa<span class=\"screen-reader-text\"> \u201dCurriculum Vitae\u201d<\/span><\/a><\/p>\n","protected":false},"author":1,"featured_media":0,"parent":0,"menu_order":0,"comment_status":"open","ping_status":"open","template":"","meta":{"footnotes":""},"class_list":["post-85","page","type-page","status-publish","hentry"],"_links":{"self":[{"href":"https:\/\/www.alexandrahaggman.com\/index.php?rest_route=\/wp\/v2\/pages\/85","targetHints":{"allow":["GET"]}}],"collection":[{"href":"https:\/\/www.alexandrahaggman.com\/index.php?rest_route=\/wp\/v2\/pages"}],"about":[{"href":"https:\/\/www.alexandrahaggman.com\/index.php?rest_route=\/wp\/v2\/types\/page"}],"author":[{"embeddable":true,"href":"https:\/\/www.alexandrahaggman.com\/index.php?rest_route=\/wp\/v2\/users\/1"}],"replies":[{"embeddable":true,"href":"https:\/\/www.alexandrahaggman.com\/index.php?rest_route=%2Fwp%2Fv2%2Fcomments&post=85"}],"version-history":[{"count":238,"href":"https:\/\/www.alexandrahaggman.com\/index.php?rest_route=\/wp\/v2\/pages\/85\/revisions"}],"predecessor-version":[{"id":1011,"href":"https:\/\/www.alexandrahaggman.com\/index.php?rest_route=\/wp\/v2\/pages\/85\/revisions\/1011"}],"wp:attachment":[{"href":"https:\/\/www.alexandrahaggman.com\/index.php?rest_route=%2Fwp%2Fv2%2Fmedia&parent=85"}],"curies":[{"name":"wp","href":"https:\/\/api.w.org\/{rel}","templated":true}]}}